by 19.
15
What is the remainder when 356 is divided by 120?
116
What is the remainder when 6831 is divided by 67?
64
What is the remainder when 397 is divided by 101?
94
Calculate the remainder when 312 is divided by 45.
42
What is the remainder when 411 is divided by 2?
1
Calculate the remainder when 1849 is divided by 169.
159
What is the remainder when 863 is divided by 24?
23
Calculate the remainder when 316 is divided by 308.
8
What is the remainder when 1627 is divided by 14?
3
What is the remainder when 4808 is divided by 21?
20
Calculate the remainder when 2367 is divided by 46.
21
Calculate the remainder when 451 is divided by 33.
22
Calculate the remainder when 49 is divided by 48.
1
Calculate the remainder when 97 is divided by 35.
27
What is the remainder when 110 is divided by 50?
10
Calculate the remainder when 21278 is divided by 123.
122
Calculate the remainder when 882 is divided by 10.
2
Calculate the remainder when 894 is divided by 64.
62
What is the remainder when 27114 is divided by 145?
144
Calculate the remainder when 228 is divided by 30.
18
What is the remainder when 2765 is divided by 3?
2
What is the remainder when 44 is divided by 3?
2
What is the remainder when 1350 is divided by 59?
52
Calculate the remainder when 453 is divided by 59.
40
What is the remainder when 512 is divided by 12?
8
Calculate the remainder when 208 is divided by 206.
2
Calculate the remainder when 85 is divided by 10.
5
Calculate the remainder when 1547 is divided by 47.
43
Calculate the remainder when 196 is divided by 35.
21
What is the remainder when 2805 is divided by 36?
33
Calculate the remainder when 214 is divided by 31.
28
Calculate the remainder when 206 is divided by 75.
56
Calculate the remainder when 239 is divided by 56.
15
Calculate the remainder when 3391 is divided by 117.
115
What is the remainder when 498 is divided by 95?
23
Calculate the remainder when 770 is divided by 3.
2
What is the remainder when 214 is divided by 8?
6
Calculate the remainder when 373 is divided by 47.
44
What is the remainder when 5757 is divided by 144?
141
What is the remainder when 48 is divided by 7?
6
Calculate the remainder when 3211 is divided by 22.
21
Calculate the remainder when 303 is divided by 32.
15
Calculate the remainder when 363 is divided by 7.
6
Calculate the remainder when 52 is divided by 15.
7
Calculate the remainder when 495 is divided by 42.
33
What is the remainder when 352 is divided by 51?
46
Calculate the remainder when 199 is divided by 67.
65
Calculate the remainder when 1417 is divided by 79.
74
Calculate the remainder when 62 is divided by 33.
29
Calculate the remainder when 292 is divided by 113.
66
Calculate the remainder when 43 is divided by 11.
10
Calculate the remainder when 76 is divided by 14.
6
Calculate the remainder when 1345 is divided by 364.
253
What is the remainder when 272 is divided by 177?
95
What is the remainder when 718 is divided by 245?
228
What is the remainder when 236 is divided by 32?
12
What is the remainder when 108 is divided by 91?
17
Calculate the remainder when 1358 is divided by 6.
2
What is the remainder when 139 is divided by 36?
31
What is the remainder when 645 is divided by 211?
12
Calculate the remainder when 934 is divided by 9.
7
What is the remainder when 7955 is divided by 346?
343
Calculate the remainder when 2840 is divided by 29.
27
Calculate the remainder when 561 is divided by 42.
15
Calculate the remainder when 790 is divided by 30.
10
Calculate the remainder when 2727 is divided by 248.
247
What is the remainder when 409 is divided by 129?
22
Calculate the remainder when 448 is divided by 112.
0
Calculate the remainder when 46 is divided by 12.
10
Calculate the remainder when 438 is divided by 150.
138
What is the remainder when 17373 is divided by 6?
3
What is the remainder when 677 is divided by 53?
41
Calculate the remainder when 87 is divided by 19.
11
What is the remainder when 766 is divided by 60?
46
Calculate the remainder when 262 is divided by 42.
10
What is the remainder when 58 is divided by 47?
11
What is the remainder when 3598 is divided by 13?
10
Calculate the remainder when 2309 is divided by 70.
69
What is the remainder when 448 is divided by 90?
88
Calculate the remainder when 8 is divided by 3.
2
Calculate the remainder when 81 is divided by 41.
40
Calculate the remainder when 100 is divided by 34.
32
Calculate the remainder when 590 is divided by 10.
0
Calculate the remainder when 1427 is divided by 28.
27
What is the remainder when 101 is divided by 31?
8
What is the remainder when 58 is divided by 24?
10
What is the remainder when 30 is divided by 30?
0
What is the remainder when 163 is divided by 15?
13
What is the remainder when 1533 is divided by 103?
91
Calculate the remainder when 268 is divided by 75.
43
What is the remainder when 665 is divided by 37?
36
What is the remainder when 871 is divided by 244?
139
Calculate the remainder when 277 is divided by 82.
31
Calculate the remainder when 66 is divided by 8.
2
What is the remainder when 185 is divided by 9?
5
What is the remainder when 1793 is divided by 23?
22
Calculate the remainder when 270 is divided by 13.
10
What is the remainder when 257 is divided by 20?
17
Calculate the remainder when 802 is divided by 79.
12
What is the remainder when 360 is divided by 11?
8
Calculate the remainder when 2942 is divided by 22.
16
Calculate the remainder when 22706 is divided by 261.
260
Calculate the remainder when 1483 is divided by 536.
411
What is the remainder when 431 is divided by 208?
15
What is the remainder when 230 is divided by 58?
56
What is the remainder when 508 is divided by 30?
28
Calculate the remainder when 214 is divided by 43.
42
Calculate the remainder when 26729 is divided by 297.
296
What is the remainder when 455 is divided by 5?
0
What is the remainder when 926 is divided by 232?
230
Calculate the remainder when 104 is divided by 52.
0
What is the remainder when 56 is divided by 13?
4
What is the remainder when 273 is divided by 23?
20
Calculate the remainder when 3167 is divided by 48.
47
What is the remainder when 77 is divided by 76?
1
Calculate the remainder when 67 is divided by 56.
11
What is the remainder when 2196 is divided by 73?
6
Calculate the remainder when 788 is divided by 6.
2
Calculate the remainder when 379 is divided by 203.
176
What is the remainder when 1924 is divided by 25?
24
What is the remainder when 184 is divided by 24?
16
Calculate the remainder when 4022 is divided by 25.
22
Calculate the remainder when 1378 is divided by 4.
2
Calculate the remainder when 1773 is divided by 883.
7
What is the remainder when 536 is divided by 31?
9
What is the remainder when 217 is divided by 7?
0
Calculate the remainder when 11059 is divided by 140.
139
Calculate the remainder when 321 is divided by 46.
45
What is the remainder when 387 is divided by 37?
17
Calculate the remainder when 32 is divided by 11.
10
Calculate the remainder when 348 is divided by 30.
18
Calculate the remainder when 192 is divided by 15.
12
What is the remainder when 170 is divided by 59?
52
What is the remainder when 226 is divided by 76?
74
What is the remainder when 129 is divided by 37?
18
Calculate the remainder when 262 is divided by 12.
10
What is the remainder when 461 is divided by 88?
21
Calculate the remainder when 16343 is divided by 36.
35
Calculate the remainder when 4288 is divided by 30.
28
What is the remainder when 133 is divided by 61?
11
Calculate the remainder when 60 is divided by 16.
12
What is the remainder when 280 is divided by 47?
45
What is the remainder when 1578 is divided by 13?
5
Calculate the remainder when 175 is divided by 26.
19
What is the remainder when 23 is divided by 11?
1
Calculate the remainder when 1874 is divided by 188.
182
Calculate the remainder when 59 is divided by 9.
5
Calculate the remainder when 325 is divided by 82.
79
What is the remainder when 303 is divided by 26?
17
Calculate the remainder when 166 is divided by 15.
1
What is the remainder when 16539 is divided by 4?
3
What is the remainder when 134 is divided by 5?
4
What is the remainder when 354 is divided by 83?
22
Calculate the remainder when 91 is divided by 28.
7